{"id":2066,"date":"2021-08-02T17:08:17","date_gmt":"2021-08-02T17:08:17","guid":{"rendered":"https:\/\/premiumiptv.me\/?post_type=product&#038;p=2066"},"modified":"2025-03-27T16:39:29","modified_gmt":"2025-03-27T16:39:29","slug":"abonnement-12-mois","status":"publish","type":"product","link":"https:\/\/premiumiptv.me\/22\/products\/abonnement-12-mois\/","title":{"rendered":"Abonnement 12 Mois ~~ Offre Sp\u00e9ciale"},"content":{"rendered":"<div id=\"shopify-section-1596990974821\" class=\"shopify-section index-section index-section--featured-product\">\n<div id=\"ProductSection-1596990974821\" class=\"page-width\" data-section-id=\"1596990974821\" data-section-type=\"product\" data-ajax-enabled=\"true\">\n<div class=\"grid product-single product-single--medium-media\">\n<div class=\"grid__item medium-up--one-half\">\n<div class=\"product-single__meta\">\n<div class=\"product-single__description rte\">\n<div id=\"shopify-section-1588264376496\" class=\"shopify-section index-section index-section--featured-product\">\n<div id=\"ProductSection-1588264376496\" class=\"page-width\" data-section-id=\"1588264376496\" data-section-type=\"product\" data-ajax-enabled=\"true\">\n<div class=\"grid product-single product-single--medium-media\">\n<div class=\"grid__item medium-up--one-half\">\n<div class=\"product-single__meta\">\n<div class=\"product-single__description rte\">\n<div>\n<div>\u2713 Compatible avec toutes les applications iptv ( smart iptv &#8211; duplex play- iptv smarters pro- xciptv player- set iptv- net iptv &#8211; ss iptv &#8211; vlc &#8211; xtream iptv &#8211; gse iptv- ect &#8230;..)<\/div>\n<div>\u2713 apr\u00e8s le paiement vous recevrez votre lien m3u et vos codes xtream .<\/div>\n<\/div>\n<div>\u2713 Vous obtenez plus de 9700 cha\u00eenes ordinaires et premium instantan\u00e9ment.<br \/>\n\u2713 Vous obtenez plus de 16000 films et \u00e9missions de t\u00e9l\u00e9vision (VOD).<br \/>\n\u2713 Fini les factures de c\u00e2ble plus ch\u00e8res.<br \/>\n\u2713 Notre service IPTV est toujours disponible 99,99% du temps!<br \/>\n\u2713 Service IPTV solide, sans mise en m\u00e9moire tampon ni gel (Internet stable requis).<br \/>\n\u2713 Vous obtenez une garantie de satisfaction \u00e0 100%.<br \/>\n\u2713 Vous obtenez le meilleur prix.<br \/>\n\u2713 Vous b\u00e9n\u00e9ficiez d&#8217;un service client 24\/7.<\/div>\n<\/div>\n<\/div>\n<\/div>\n<\/div>\n<\/div>\n<\/div>\n<\/div>\n<\/div>\n<\/div>\n<\/div>\n<\/div>\n<\/div>\n","protected":false},"excerpt":{"rendered":"<div>\n<div>\u2713 Compatible avec toutes les applications iptv ( smart iptv \u2013 duplex play- iptv smarters pro- xciptv player- set iptv- net iptv \u2013 ss iptv \u2013 vlc \u2013 xtream iptv \u2013 gse iptv- ect \u2026..)<\/div>\n<div>\u2713 apr\u00e8s le paiement vous recevrez votre lien m3u et vos codes xtream .<\/div>\n<\/div>\n<div>\u2713 Vous obtenez plus de 9700 cha\u00eenes ordinaires et premium instantan\u00e9ment.<br \/>\n\u2713 Vous obtenez plus de 22000 films et s\u00e9ries (VOD).<br \/>\n\u2713 Vous b\u00e9n\u00e9ficiez d\u2019un service client 24\/7.<\/div>\n<div><a href=\"https:\/\/hzprm.com\/checkouts\/12rea41567ratae\/\"><img loading=\"lazy\" class=\"alignnone wp-image-1319 size-medium\" src=\"https:\/\/premiumiptv.me\/wp-content\/uploads\/2021\/01\/paiement-securise-paypal-300x75.png\" alt=\"\" width=\"300\" height=\"75\" \/><\/a><\/div>\n","protected":false},"featured_media":1224,"comment_status":"open","ping_status":"closed","template":"","meta":[],"_links":{"self":[{"href":"https:\/\/premiumiptv.me\/22\/wp-json\/wp\/v2\/product\/2066"}],"collection":[{"href":"https:\/\/premiumiptv.me\/22\/wp-json\/wp\/v2\/product"}],"about":[{"href":"https:\/\/premiumiptv.me\/22\/wp-json\/wp\/v2\/types\/product"}],"replies":[{"embeddable":true,"href":"https:\/\/premiumiptv.me\/22\/wp-json\/wp\/v2\/comments?post=2066"}],"version-history":[{"count":5,"href":"https:\/\/premiumiptv.me\/22\/wp-json\/wp\/v2\/product\/2066\/revisions"}],"predecessor-version":[{"id":7251,"href":"https:\/\/premiumiptv.me\/22\/wp-json\/wp\/v2\/product\/2066\/revisions\/7251"}],"wp:featuredmedia":[{"embeddable":true,"href":"https:\/\/premiumiptv.me\/22\/wp-json\/wp\/v2\/media\/1224"}],"wp:attachment":[{"href":"https:\/\/premiumiptv.me\/22\/wp-json\/wp\/v2\/media?parent=2066"}],"curies":[{"name":"wp","href":"https:\/\/api.w.org\/{rel}","templated":true}]}}